{"id":7,"date":"2021-01-25T12:29:35","date_gmt":"2021-01-25T12:29:35","guid":{"rendered":"https:\/\/oratel.de\/?page_id=7"},"modified":"2021-01-25T12:46:20","modified_gmt":"2021-01-25T12:46:20","slug":"about","status":"publish","type":"page","link":"https:\/\/oratel.de\/?page_id=7","title":{"rendered":"About"},"content":{"rendered":"\n<p>Die Oratel LTD. wurde im Jahr 2019 mit dem Ziel gegr\u00fcndet im Gebiet der Europ\u00e4ischen Union inkl. Schweiz Sprachmehrwertdienste und technische L\u00f6sungen f\u00fcr das Anbieten von Sprachmehrwertdiensten im B2B-Bereich zur Verf\u00fcgung zu stellen. <\/p>\n","protected":false},"excerpt":{"rendered":"<p>Die Oratel LTD. wurde im Jahr 2019 mit dem Ziel gegr\u00fcndet im Gebiet der Europ\u00e4ischen Union inkl. Schweiz Sprachmehrwertdienste und technische L\u00f6sungen f\u00fcr das Anbieten von Sprachmehrwertdiensten im B2B-Bereich zur Verf\u00fcgung zu stellen.<\/p>\n","protected":false},"author":1,"featured_media":0,"parent":0,"menu_order":0,"comment_status":"closed","ping_status":"closed","template":"","meta":{"footnotes":""},"blocksy_meta":{"styles_descriptor":{"styles":{"desktop":"","tablet":"","mobile":""},"google_fonts":[],"version":6}},"_links":{"self":[{"href":"https:\/\/oratel.de\/index.php?rest_route=\/wp\/v2\/pages\/7"}],"collection":[{"href":"https:\/\/oratel.de\/index.php?rest_route=\/wp\/v2\/pages"}],"about":[{"href":"https:\/\/oratel.de\/index.php?rest_route=\/wp\/v2\/types\/page"}],"author":[{"embeddable":true,"href":"https:\/\/oratel.de\/index.php?rest_route=\/wp\/v2\/users\/1"}],"replies":[{"embeddable":true,"href":"https:\/\/oratel.de\/index.php?rest_route=%2Fwp%2Fv2%2Fcomments&post=7"}],"version-history":[{"count":2,"href":"https:\/\/oratel.de\/index.php?rest_route=\/wp\/v2\/pages\/7\/revisions"}],"predecessor-version":[{"id":23,"href":"https:\/\/oratel.de\/index.php?rest_route=\/wp\/v2\/pages\/7\/revisions\/23"}],"wp:attachment":[{"href":"https:\/\/oratel.de\/index.php?rest_route=%2Fwp%2Fv2%2Fmedia&parent=7"}],"curies":[{"name":"wp","href":"https:\/\/api.w.org\/{rel}","templated":true}]}}