{"id":6,"date":"2021-01-25T12:29:35","date_gmt":"2021-01-25T12:29:35","guid":{"rendered":"https:\/\/oratel.de\/?page_id=6"},"modified":"2021-01-25T13:37:14","modified_gmt":"2021-01-25T13:37:14","slug":"home","status":"publish","type":"page","link":"https:\/\/oratel.de\/","title":{"rendered":"Home"},"content":{"rendered":"\n<p>Die Oratel LTD. wurde im Jahr 2019 gegr\u00fcndet.<\/p>\n\n\n\n<p>Wir bieten im Bereich B2B unseren Kunden europaweit Sprachmehrwertl\u00f6sungen an, sowie alle technischen und organisatorischen Dienstleistungen, die zu einem Betrieb von Sprachmehrwertl\u00f6sungen erforderlich sind. <\/p>\n\n\n\n<p>Im Bereich B2C bieten wir im deutschsprachigen Raum Sprachmehrwertdienste an.<\/p>\n","protected":false},"excerpt":{"rendered":"<p>Die Oratel LTD. wurde im Jahr 2019 gegr\u00fcndet. Wir bieten im Bereich B2B unseren Kunden europaweit Sprachmehrwertl\u00f6sungen an, sowie alle technischen und organisatorischen Dienstleistungen, die zu einem Betrieb von Sprachmehrwertl\u00f6sungen erforderlich sind. Im Bereich B2C bieten wir im deutschsprachigen Raum Sprachmehrwertdienste an.<\/p>\n","protected":false},"author":1,"featured_media":0,"parent":0,"menu_order":0,"comment_status":"closed","ping_status":"closed","template":"","meta":{"footnotes":""},"blocksy_meta":{"styles_descriptor":{"styles":{"desktop":"","tablet":"","mobile":""},"google_fonts":[],"version":6}},"_links":{"self":[{"href":"https:\/\/oratel.de\/index.php?rest_route=\/wp\/v2\/pages\/6"}],"collection":[{"href":"https:\/\/oratel.de\/index.php?rest_route=\/wp\/v2\/pages"}],"about":[{"href":"https:\/\/oratel.de\/index.php?rest_route=\/wp\/v2\/types\/page"}],"author":[{"embeddable":true,"href":"https:\/\/oratel.de\/index.php?rest_route=\/wp\/v2\/users\/1"}],"replies":[{"embeddable":true,"href":"https:\/\/oratel.de\/index.php?rest_route=%2Fwp%2Fv2%2Fcomments&post=6"}],"version-history":[{"count":2,"href":"https:\/\/oratel.de\/index.php?rest_route=\/wp\/v2\/pages\/6\/revisions"}],"predecessor-version":[{"id":48,"href":"https:\/\/oratel.de\/index.php?rest_route=\/wp\/v2\/pages\/6\/revisions\/48"}],"wp:attachment":[{"href":"https:\/\/oratel.de\/index.php?rest_route=%2Fwp%2Fv2%2Fmedia&parent=6"}],"curies":[{"name":"wp","href":"https:\/\/api.w.org\/{rel}","templated":true}]}}